{"id":164,"date":"2023-10-23T11:35:55","date_gmt":"2023-10-23T11:35:55","guid":{"rendered":"https:\/\/etiquetasmajoma.com\/?page_id=164"},"modified":"2023-10-24T07:33:49","modified_gmt":"2023-10-24T07:33:49","slug":"contacto","status":"publish","type":"page","link":"https:\/\/etiquetasmajoma.com\/?page_id=164","title":{"rendered":"CONTACTO"},"content":{"rendered":"\t\t<div data-elementor-type=\"wp-page\" data-elementor-id=\"164\" class=\"elementor elementor-164\">\n\t\t\t\t<div class=\"elementor-element elementor-element-bd534b1 e-flex e-con-boxed e-con e-parent\" data-id=\"bd534b1\" data-element_type=\"container\" data-e-type=\"container\">\n\t\t\t\t\t<div class=\"e-con-inner\">\n\t\t\t\t<div class=\"elementor-element elementor-element-bbaf51f elementor-widget-divider--view-line elementor-widget elementor-widget-divider\" data-id=\"bbaf51f\" data-element_type=\"widget\" data-e-type=\"widget\" data-widget_type=\"divider.default\">\n\t\t\t\t<div class=\"elementor-widget-container\">\n\t\t\t\t\t\t\t<div class=\"elementor-divider\">\n\t\t\t<span class=\"elementor-divider-separator\">\n\t\t\t\t\t\t<\/span>\n\t\t<\/div>\n\t\t\t\t\t\t<\/div>\n\t\t\t\t<\/div>\n\t\t\t\t<div class=\"elementor-element elementor-element-76a1a6f elementor-widget elementor-widget-text-editor\" data-id=\"76a1a6f\" data-element_type=\"widget\" data-e-type=\"widget\" data-widget_type=\"text-editor.default\">\n\t\t\t\t<div class=\"elementor-widget-container\">\n\t\t\t\t\t\t\t\t\t<div id=\"m4465\" class=\"module text\"><h1 class=\"headline\">Datos de contacto de\u00a0<strong>Etiquetas Majoma S.L.U.<\/strong>\u00a0en\u00a0<strong>Burgos<\/strong><\/h1><\/div><div id=\"m2374\" class=\"module text\"><p class=\"darksmallspottext\">En nuestra empresa contamos con un\u00a0<strong>equipo especializado<\/strong>\u00a0en dise\u00f1o gr\u00e1fico de etiquetas. Contacta en\u00a0<strong>Burgos<\/strong>\u00a0con\u00a0<a href=\"https:\/\/www.etiquetasmajoma.es\/\" data-track-event=\"click\" data-track-action=\"internal_link_clicked\">Etiquetas Majoma S.L.U.<\/a>, te atenderemos encantados.<\/p><\/div>\t\t\t\t\t\t\t\t<\/div>\n\t\t\t\t<\/div>\n\t\t\t\t<div class=\"elementor-element elementor-element-9d88f42 elementor-widget-divider--view-line elementor-widget elementor-widget-divider\" data-id=\"9d88f42\" data-element_type=\"widget\" data-e-type=\"widget\" data-widget_type=\"divider.default\">\n\t\t\t\t<div class=\"elementor-widget-container\">\n\t\t\t\t\t\t\t<div class=\"elementor-divider\">\n\t\t\t<span class=\"elementor-divider-separator\">\n\t\t\t\t\t\t<\/span>\n\t\t<\/div>\n\t\t\t\t\t\t<\/div>\n\t\t\t\t<\/div>\n\t\t\t\t\t<\/div>\n\t\t\t\t<\/div>\n\t\t<div class=\"elementor-element elementor-element-6329b73 e-flex e-con-boxed e-con e-parent\" data-id=\"6329b73\" data-element_type=\"container\" data-e-type=\"container\">\n\t\t\t\t\t<div class=\"e-con-inner\">\n\t\t<div class=\"elementor-element elementor-element-a10d74f e-con-full e-flex e-con e-child\" data-id=\"a10d74f\" data-element_type=\"container\" data-e-type=\"container\">\n\t\t\t\t<div class=\"elementor-element elementor-element-999f8e2 elementor-view-default elementor-widget elementor-widget-icon\" data-id=\"999f8e2\" data-element_type=\"widget\" data-e-type=\"widget\" data-widget_type=\"icon.default\">\n\t\t\t\t<div class=\"elementor-widget-container\">\n\t\t\t\t\t\t\t<div class=\"elementor-icon-wrapper\">\n\t\t\t<div class=\"elementor-icon\">\n\t\t\t<i aria-hidden=\"true\" class=\"far fa-envelope\"><\/i>\t\t\t<\/div>\n\t\t<\/div>\n\t\t\t\t\t\t<\/div>\n\t\t\t\t<\/div>\n\t\t\t\t<div class=\"elementor-element elementor-element-49b8bcb elementor-widget elementor-widget-text-editor\" data-id=\"49b8bcb\" data-element_type=\"widget\" data-e-type=\"widget\" data-widget_type=\"text-editor.default\">\n\t\t\t\t<div class=\"elementor-widget-container\">\n\t\t\t\t\t\t\t\t\t<div class=\"module text\"><h2 class=\"subtitle\">Correo<\/h2><\/div><div class=\"module text\"><p class=\"preamble\"><a href=\"mailto:emajomaburgos@hotmail.com\" data-track-event=\"click\" data-track-action=\"email_link\"><strong>emajomaburgos@hotmail.com<\/strong><\/a><\/p><\/div>\t\t\t\t\t\t\t\t<\/div>\n\t\t\t\t<\/div>\n\t\t\t\t<\/div>\n\t\t<div class=\"elementor-element elementor-element-e85fd3d e-con-full e-flex e-con e-child\" data-id=\"e85fd3d\" data-element_type=\"container\" data-e-type=\"container\">\n\t\t\t\t<div class=\"elementor-element elementor-element-ee3e3d3 elementor-view-default elementor-widget elementor-widget-icon\" data-id=\"ee3e3d3\" data-element_type=\"widget\" data-e-type=\"widget\" data-widget_type=\"icon.default\">\n\t\t\t\t<div class=\"elementor-widget-container\">\n\t\t\t\t\t\t\t<div class=\"elementor-icon-wrapper\">\n\t\t\t<div class=\"elementor-icon\">\n\t\t\t<i aria-hidden=\"true\" class=\"fas fa-traffic-light\"><\/i>\t\t\t<\/div>\n\t\t<\/div>\n\t\t\t\t\t\t<\/div>\n\t\t\t\t<\/div>\n\t\t\t\t<div class=\"elementor-element elementor-element-cd573c6 elementor-widget elementor-widget-text-editor\" data-id=\"cd573c6\" data-element_type=\"widget\" data-e-type=\"widget\" data-widget_type=\"text-editor.default\">\n\t\t\t\t<div class=\"elementor-widget-container\">\n\t\t\t\t\t\t\t\t\t<p>Calle L\u00f3pez Bravo N\u00ba 15, Nave B-8 Pol\u00edgono de Villalonqu\u00e9jar, 09001, Burgos, <strong>BURGOS<\/strong><\/p>\t\t\t\t\t\t\t\t<\/div>\n\t\t\t\t<\/div>\n\t\t\t\t<\/div>\n\t\t<div class=\"elementor-element elementor-element-c662698 e-con-full e-flex e-con e-child\" data-id=\"c662698\" data-element_type=\"container\" data-e-type=\"container\">\n\t\t\t\t<div class=\"elementor-element elementor-element-95553d5 elementor-view-default elementor-widget elementor-widget-icon\" data-id=\"95553d5\" data-element_type=\"widget\" data-e-type=\"widget\" data-widget_type=\"icon.default\">\n\t\t\t\t<div class=\"elementor-widget-container\">\n\t\t\t\t\t\t\t<div class=\"elementor-icon-wrapper\">\n\t\t\t<div class=\"elementor-icon\">\n\t\t\t<i aria-hidden=\"true\" class=\"fas fa-phone\"><\/i>\t\t\t<\/div>\n\t\t<\/div>\n\t\t\t\t\t\t<\/div>\n\t\t\t\t<\/div>\n\t\t\t\t<div class=\"elementor-element elementor-element-495b64e elementor-widget elementor-widget-text-editor\" data-id=\"495b64e\" data-element_type=\"widget\" data-e-type=\"widget\" data-widget_type=\"text-editor.default\">\n\t\t\t\t<div class=\"elementor-widget-container\">\n\t\t\t\t\t\t\t\t\t<div class=\"module text\"><h2 class=\"subtitle\">Tel\u00e9fono<\/h2><\/div><div class=\"module text\"><p class=\"preamble\"><a href=\"tel:947298756\" data-global=\"phone\" data-track-event=\"click\" data-track-action=\"phone_link\"><strong>947 298 756<\/strong><\/a><\/p><\/div>\t\t\t\t\t\t\t\t<\/div>\n\t\t\t\t<\/div>\n\t\t\t\t<\/div>\n\t\t\t\t\t<\/div>\n\t\t\t\t<\/div>\n\t\t<div class=\"elementor-element elementor-element-9c3887c e-flex e-con-boxed e-con e-parent\" data-id=\"9c3887c\" data-element_type=\"container\" data-e-type=\"container\">\n\t\t\t\t\t<div class=\"e-con-inner\">\n\t\t<div class=\"elementor-element elementor-element-5f5cdc5 e-con-full e-flex e-con e-child\" data-id=\"5f5cdc5\" data-element_type=\"container\" data-e-type=\"container\" data-settings=\"{&quot;background_background&quot;:&quot;classic&quot;}\">\n\t\t\t\t<div class=\"elementor-element elementor-element-5258cac elementor-widget elementor-widget-text-editor\" data-id=\"5258cac\" data-element_type=\"widget\" data-e-type=\"widget\" data-widget_type=\"text-editor.default\">\n\t\t\t\t<div class=\"elementor-widget-container\">\n\t\t\t\t\t\t\t\t\t<h2 class=\"subtitle\">Formulario de contacto<\/h2>\t\t\t\t\t\t\t\t<\/div>\n\t\t\t\t<\/div>\n\t\t\t\t<div class=\"elementor-element elementor-element-89bbfc0 elementor-widget elementor-widget-form\" data-id=\"89bbfc0\" data-element_type=\"widget\" data-e-type=\"widget\" data-widget_type=\"form.default\">\n\t\t\t\t<div class=\"elementor-widget-container\">\n\t\t\t\t\t \t\t\t\t<\/div>\n\t\t\t\t<\/div>\n\t\t\t\t<\/div>\n\t\t<div class=\"elementor-element elementor-element-db0e6e1 e-con-full e-flex e-con e-child\" data-id=\"db0e6e1\" data-element_type=\"container\" data-e-type=\"container\">\n\t\t\t\t<div class=\"elementor-element elementor-element-eadeb0e elementor-widget elementor-widget-google_maps\" data-id=\"eadeb0e\" data-element_type=\"widget\" data-e-type=\"widget\" data-widget_type=\"google_maps.default\">\n\t\t\t\t<div class=\"elementor-widget-container\">\n\t\t\t\t\t\t\t<div class=\"elementor-custom-embed\">\n\t\t\t<iframe loading=\"lazy\"\n\t\t\t\t\tsrc=\"https:\/\/maps.google.com\/maps?q=ETIQUETAS%20MAJOMA%20Calle%20L%C3%B3pez%20Bravo%20N%C2%BA%2015%2C%20Nave%20B-8%20Pol%C3%ADgono%20de%20Villalonqu%C3%A9jar%2C%2009001%2C%20Burgos%2C%20BURGOS&#038;t=m&#038;z=10&#038;output=embed&#038;iwloc=near\"\n\t\t\t\t\ttitle=\"ETIQUETAS MAJOMA Calle L\u00f3pez Bravo N\u00ba 15, Nave B-8 Pol\u00edgono de Villalonqu\u00e9jar, 09001, Burgos, BURGOS\"\n\t\t\t\t\taria-label=\"ETIQUETAS MAJOMA Calle L\u00f3pez Bravo N\u00ba 15, Nave B-8 Pol\u00edgono de Villalonqu\u00e9jar, 09001, Burgos, BURGOS\"\n\t\t\t><\/iframe>\n\t\t<\/div>\n\t\t\t\t\t\t<\/div>\n\t\t\t\t<\/div>\n\t\t\t\t<\/div>\n\t\t\t\t\t<\/div>\n\t\t\t\t<\/div>\n\t\t<div class=\"elementor-element elementor-element-40f55a34 e-con-full e-flex e-con e-parent\" data-id=\"40f55a34\" data-element_type=\"container\" data-e-type=\"container\">\n\t\t\t\t<div class=\"elementor-element elementor-element-447f8d72 elementor-widget elementor-widget-text-editor\" data-id=\"447f8d72\" data-element_type=\"widget\" data-e-type=\"widget\" data-widget_type=\"text-editor.default\">\n\t\t\t\t<div class=\"elementor-widget-container\">\n\t\t\t\t\t\t\t\t\t<div id=\"m3174\" class=\"module text\"><h2 class=\"spottext\">Ll\u00e1manos: \u00a0 \u00a0 \u00a0 \u00a0 <strong><a href=\"tel:947298756\" data-global=\"phone\" data-track-event=\"click\" data-track-action=\"phone_link\">947 298 756<\/a><\/strong><\/h2><\/div><div id=\"m2262\" class=\"module text\"><p class=\"lightpreamble\">Contacta con nosotros<\/p><\/div>\t\t\t\t\t\t\t\t<\/div>\n\t\t\t\t<\/div>\n\t\t\t\t<\/div>\n\t\t\t\t<\/div>\n\t\t","protected":false},"excerpt":{"rendered":"<p>Datos de contacto de\u00a0Etiquetas Majoma S.L.U.\u00a0en\u00a0Burgos En nuestra empresa contamos con un\u00a0equipo especializado\u00a0en dise\u00f1o gr\u00e1fico de etiquetas. Contacta en\u00a0Burgos\u00a0con\u00a0Etiquetas Majoma S.L.U., te atenderemos encantados. Correo emajomaburgos@hotmail.com Calle L\u00f3pez Bravo N\u00ba 15, Nave B-8 Pol\u00edgono de Villalonqu\u00e9jar, 09001, Burgos, BURGOS Tel\u00e9fono 947 298 756 Formulario de contacto Ll\u00e1manos: \u00a0 \u00a0 \u00a0 \u00a0 947 298 756 Contacta [&hellip;]<\/p>\n","protected":false},"author":1,"featured_media":0,"parent":0,"menu_order":0,"comment_status":"closed","ping_status":"closed","template":"","meta":{"footnotes":""},"class_list":["post-164","page","type-page","status-publish","hentry"],"_links":{"self":[{"href":"https:\/\/etiquetasmajoma.com\/index.php?rest_route=\/wp\/v2\/pages\/164","targetHints":{"allow":["GET"]}}],"collection":[{"href":"https:\/\/etiquetasmajoma.com\/index.php?rest_route=\/wp\/v2\/pages"}],"about":[{"href":"https:\/\/etiquetasmajoma.com\/index.php?rest_route=\/wp\/v2\/types\/page"}],"author":[{"embeddable":true,"href":"https:\/\/etiquetasmajoma.com\/index.php?rest_route=\/wp\/v2\/users\/1"}],"replies":[{"embeddable":true,"href":"https:\/\/etiquetasmajoma.com\/index.php?rest_route=%2Fwp%2Fv2%2Fcomments&post=164"}],"version-history":[{"count":31,"href":"https:\/\/etiquetasmajoma.com\/index.php?rest_route=\/wp\/v2\/pages\/164\/revisions"}],"predecessor-version":[{"id":275,"href":"https:\/\/etiquetasmajoma.com\/index.php?rest_route=\/wp\/v2\/pages\/164\/revisions\/275"}],"wp:attachment":[{"href":"https:\/\/etiquetasmajoma.com\/index.php?rest_route=%2Fwp%2Fv2%2Fmedia&parent=164"}],"curies":[{"name":"wp","href":"https:\/\/api.w.org\/{rel}","templated":true}]}}