{"id":7,"date":"2023-10-20T11:25:13","date_gmt":"2023-10-20T11:25:13","guid":{"rendered":"https:\/\/etiquetasmajoma.com\/?page_id=7"},"modified":"2023-10-24T07:27:30","modified_gmt":"2023-10-24T07:27:30","slug":"inicio-2","status":"publish","type":"page","link":"https:\/\/etiquetasmajoma.com\/","title":{"rendered":"INICIO"},"content":{"rendered":"\t\t<div data-elementor-type=\"wp-page\" data-elementor-id=\"7\" class=\"elementor elementor-7\">\n\t\t\t\t<div class=\"elementor-element elementor-element-964c67e e-con-full e-flex e-con e-parent\" data-id=\"964c67e\" data-element_type=\"container\" data-e-type=\"container\">\n\t\t\t\t<div class=\"elementor-element elementor-element-6718d35 elementor-widget elementor-widget-slides\" data-id=\"6718d35\" data-element_type=\"widget\" data-e-type=\"widget\" data-widget_type=\"slides.default\">\n\t\t\t\t<div class=\"elementor-widget-container\">\n\t\t\t\t\t \t\t\t\t<\/div>\n\t\t\t\t<\/div>\n\t\t\t\t<\/div>\n\t\t<div class=\"elementor-element elementor-element-1b8ab81 e-flex e-con-boxed e-con e-parent\" data-id=\"1b8ab81\" data-element_type=\"container\" data-e-type=\"container\">\n\t\t\t\t\t<div class=\"e-con-inner\">\n\t\t\t\t<div class=\"elementor-element elementor-element-455ed24 elementor-widget elementor-widget-heading\" data-id=\"455ed24\" data-element_type=\"widget\" data-e-type=\"widget\" data-widget_type=\"heading.default\">\n\t\t\t\t<div class=\"elementor-widget-container\">\n\t\t\t\t\t<h2 class=\"elementor-heading-title elementor-size-default\">Etiquetas en Burgos<\/h2>\t\t\t\t<\/div>\n\t\t\t\t<\/div>\n\t\t\t\t\t<\/div>\n\t\t\t\t<\/div>\n\t\t<div class=\"elementor-element elementor-element-464d681 e-flex e-con-boxed e-con e-parent\" data-id=\"464d681\" data-element_type=\"container\" data-e-type=\"container\">\n\t\t\t\t\t<div class=\"e-con-inner\">\n\t\t\t\t<div class=\"elementor-element elementor-element-841dcbf elementor-widget-divider--view-line elementor-widget elementor-widget-divider\" data-id=\"841dcbf\" data-element_type=\"widget\" data-e-type=\"widget\" data-widget_type=\"divider.default\">\n\t\t\t\t<div class=\"elementor-widget-container\">\n\t\t\t\t\t\t\t<div class=\"elementor-divider\">\n\t\t\t<span class=\"elementor-divider-separator\">\n\t\t\t\t\t\t<\/span>\n\t\t<\/div>\n\t\t\t\t\t\t<\/div>\n\t\t\t\t<\/div>\n\t\t\t\t\t<\/div>\n\t\t\t\t<\/div>\n\t\t<div class=\"elementor-element elementor-element-8a8cf23 e-flex e-con-boxed e-con e-parent\" data-id=\"8a8cf23\" data-element_type=\"container\" data-e-type=\"container\">\n\t\t\t\t\t<div class=\"e-con-inner\">\n\t\t\t\t<div class=\"elementor-element elementor-element-db7fcd0 elementor-widget elementor-widget-heading\" data-id=\"db7fcd0\" data-element_type=\"widget\" data-e-type=\"widget\" data-widget_type=\"heading.default\">\n\t\t\t\t<div class=\"elementor-widget-container\">\n\t\t\t\t\t<h4 class=\"elementor-heading-title elementor-size-default\">Empresa de etiquetas<\/h4>\t\t\t\t<\/div>\n\t\t\t\t<\/div>\n\t\t\t\t\t<\/div>\n\t\t\t\t<\/div>\n\t\t<div class=\"elementor-element elementor-element-f8623ab e-flex e-con-boxed e-con e-parent\" data-id=\"f8623ab\" data-element_type=\"container\" data-e-type=\"container\">\n\t\t\t\t\t<div class=\"e-con-inner\">\n\t\t\t\t<div class=\"elementor-element elementor-element-05c3668 elementor-widget elementor-widget-text-editor\" data-id=\"05c3668\" data-element_type=\"widget\" data-e-type=\"widget\" data-widget_type=\"text-editor.default\">\n\t\t\t\t<div class=\"elementor-widget-container\">\n\t\t\t\t\t\t\t\t\t<p>En\u00a0<a href=\"https:\/\/www.etiquetasmajoma.es\/empresa\" data-track-event=\"click\" data-track-action=\"internal_link_clicked\">Etiquetas Majoma S.L.U.<\/a>\u00a0somos una empresa familiar con vocaci\u00f3n de\u00a0<strong>expansi\u00f3n y profesionalidad<\/strong>, que lleva desarrollando su actividad industrial y comercial, con la experiencia que dan m\u00e1s de 30 a\u00f1os en el sector de las artes gr\u00e1ficas. En nuestras instalaciones de Burgos, realizamos dise\u00f1os y\u00a0<a href=\"https:\/\/www.etiquetasmajoma.es\/productos\" data-track-event=\"click\" data-track-action=\"internal_link_clicked\">producci\u00f3n de etiquetas<\/a>.<\/p><p>Nuestra empresa est\u00e1 compuesta por un equipo de profesionales j\u00f3venes y din\u00e1micos en constante contacto con las nuevas tecnolog\u00edas e innovaciones que se dan dentro del sector de la impresi\u00f3n. Nuestro objetivo es ofrecer a nuestros clientes <strong>un\u00a0servicio y productos de calidad.<\/strong><\/p><p>Nuestros valores son el trabajo, la profesionalidad, la calidad, el cumplimiento de los tiempos establecidos a trav\u00e9s de un compromiso serio con el cliente y los\u00a0<strong>costes reducidos<\/strong>, siendo \u00e9ste sin duda uno de los puntos fuertes de nuestra empresa: los precios altamente competitivos.<\/p>\t\t\t\t\t\t\t\t<\/div>\n\t\t\t\t<\/div>\n\t\t\t\t\t<\/div>\n\t\t\t\t<\/div>\n\t\t<div class=\"elementor-element elementor-element-f32c9a6 e-con-full e-flex e-con e-parent\" data-id=\"f32c9a6\" data-element_type=\"container\" data-e-type=\"container\">\n\t\t\t\t<div class=\"elementor-element elementor-element-2f3c9e8 elementor-widget elementor-widget-text-editor\" data-id=\"2f3c9e8\" data-element_type=\"widget\" data-e-type=\"widget\" data-widget_type=\"text-editor.default\">\n\t\t\t\t<div class=\"elementor-widget-container\">\n\t\t\t\t\t\t\t\t\t<p><a href=\"https:\/\/www.etiquetasmajoma.es\/contacto\" data-track-event=\"click\" data-track-action=\"internal_link_clicked\">Contacta con nosotros<\/a>\u00a0en\u00a0Burgos<br \/>y solicita nuestros productos<\/p>\t\t\t\t\t\t\t\t<\/div>\n\t\t\t\t<\/div>\n\t\t\t\t<\/div>\n\t\t<div class=\"elementor-element elementor-element-52447911 e-flex e-con-boxed e-con e-parent\" data-id=\"52447911\" data-element_type=\"container\" data-e-type=\"container\">\n\t\t\t\t\t<div class=\"e-con-inner\">\n\t\t<div class=\"elementor-element elementor-element-6dcde216 e-con-full e-flex e-con e-child\" data-id=\"6dcde216\" data-element_type=\"container\" data-e-type=\"container\">\n\t\t\t\t<div class=\"elementor-element elementor-element-d3a1878 elementor-view-default elementor-widget elementor-widget-icon\" data-id=\"d3a1878\" data-element_type=\"widget\" data-e-type=\"widget\" data-widget_type=\"icon.default\">\n\t\t\t\t<div class=\"elementor-widget-container\">\n\t\t\t\t\t\t\t<div class=\"elementor-icon-wrapper\">\n\t\t\t<div class=\"elementor-icon\">\n\t\t\t<i aria-hidden=\"true\" class=\"far fa-envelope\"><\/i>\t\t\t<\/div>\n\t\t<\/div>\n\t\t\t\t\t\t<\/div>\n\t\t\t\t<\/div>\n\t\t\t\t<div class=\"elementor-element elementor-element-71d87a65 elementor-widget elementor-widget-text-editor\" data-id=\"71d87a65\" data-element_type=\"widget\" data-e-type=\"widget\" data-widget_type=\"text-editor.default\">\n\t\t\t\t<div class=\"elementor-widget-container\">\n\t\t\t\t\t\t\t\t\t<div class=\"module text\"><h2 class=\"subtitle\">Correo<\/h2><\/div><div class=\"module text\"><p class=\"preamble\"><a href=\"mailto:emajomaburgos@hotmail.com\" data-track-event=\"click\" data-track-action=\"email_link\"><strong>emajomaburgos@hotmail.com<\/strong><\/a><\/p><\/div>\t\t\t\t\t\t\t\t<\/div>\n\t\t\t\t<\/div>\n\t\t\t\t<\/div>\n\t\t<div class=\"elementor-element elementor-element-49de801 e-con-full e-flex e-con e-child\" data-id=\"49de801\" data-element_type=\"container\" data-e-type=\"container\">\n\t\t\t\t<div class=\"elementor-element elementor-element-237ff1d4 elementor-view-default elementor-widget elementor-widget-icon\" data-id=\"237ff1d4\" data-element_type=\"widget\" data-e-type=\"widget\" data-widget_type=\"icon.default\">\n\t\t\t\t<div class=\"elementor-widget-container\">\n\t\t\t\t\t\t\t<div class=\"elementor-icon-wrapper\">\n\t\t\t<div class=\"elementor-icon\">\n\t\t\t<i aria-hidden=\"true\" class=\"fas fa-traffic-light\"><\/i>\t\t\t<\/div>\n\t\t<\/div>\n\t\t\t\t\t\t<\/div>\n\t\t\t\t<\/div>\n\t\t\t\t<div class=\"elementor-element elementor-element-1c667a2b elementor-widget elementor-widget-text-editor\" data-id=\"1c667a2b\" data-element_type=\"widget\" data-e-type=\"widget\" data-widget_type=\"text-editor.default\">\n\t\t\t\t<div class=\"elementor-widget-container\">\n\t\t\t\t\t\t\t\t\t<p>Calle L\u00f3pez Bravo N\u00ba 15, Nave B-8 Pol\u00edgono de Villalonqu\u00e9jar, 09001, Burgos, <strong>BURGOS<\/strong><\/p>\t\t\t\t\t\t\t\t<\/div>\n\t\t\t\t<\/div>\n\t\t\t\t<\/div>\n\t\t<div class=\"elementor-element elementor-element-485f572e e-con-full e-flex e-con e-child\" data-id=\"485f572e\" data-element_type=\"container\" data-e-type=\"container\">\n\t\t\t\t<div class=\"elementor-element elementor-element-71629501 elementor-view-default elementor-widget elementor-widget-icon\" data-id=\"71629501\" data-element_type=\"widget\" data-e-type=\"widget\" data-widget_type=\"icon.default\">\n\t\t\t\t<div class=\"elementor-widget-container\">\n\t\t\t\t\t\t\t<div class=\"elementor-icon-wrapper\">\n\t\t\t<div class=\"elementor-icon\">\n\t\t\t<i aria-hidden=\"true\" class=\"fas fa-phone\"><\/i>\t\t\t<\/div>\n\t\t<\/div>\n\t\t\t\t\t\t<\/div>\n\t\t\t\t<\/div>\n\t\t\t\t<div class=\"elementor-element elementor-element-407ce442 elementor-widget elementor-widget-text-editor\" data-id=\"407ce442\" data-element_type=\"widget\" data-e-type=\"widget\" data-widget_type=\"text-editor.default\">\n\t\t\t\t<div class=\"elementor-widget-container\">\n\t\t\t\t\t\t\t\t\t<div class=\"module text\"><h2 class=\"subtitle\">Tel\u00e9fono<\/h2><\/div><div class=\"module text\"><p class=\"preamble\"><a href=\"tel:947298756\" data-global=\"phone\" data-track-event=\"click\" data-track-action=\"phone_link\"><strong>947 298 756<\/strong><\/a><\/p><\/div>\t\t\t\t\t\t\t\t<\/div>\n\t\t\t\t<\/div>\n\t\t\t\t<\/div>\n\t\t\t\t\t<\/div>\n\t\t\t\t<\/div>\n\t\t<div class=\"elementor-element elementor-element-fc0c844 e-flex e-con-boxed e-con e-parent\" data-id=\"fc0c844\" data-element_type=\"container\" data-e-type=\"container\">\n\t\t\t\t\t<div class=\"e-con-inner\">\n\t\t<div class=\"elementor-element elementor-element-ece3950 e-con-full e-flex e-con e-child\" data-id=\"ece3950\" data-element_type=\"container\" data-e-type=\"container\">\n\t\t\t\t<div class=\"elementor-element elementor-element-683f756 elementor-widget elementor-widget-google_maps\" data-id=\"683f756\" data-element_type=\"widget\" data-e-type=\"widget\" data-widget_type=\"google_maps.default\">\n\t\t\t\t<div class=\"elementor-widget-container\">\n\t\t\t\t\t\t\t<div class=\"elementor-custom-embed\">\n\t\t\t<iframe loading=\"lazy\"\n\t\t\t\t\tsrc=\"https:\/\/maps.google.com\/maps?q=Etiquetas%20Majoma%20Calle%20L%C3%B3pez%20Bravo%20N%C2%BA%2015%2C%20Nave%20B-8%20Pol%C3%ADgono%20de%20Villalonqu%C3%A9jar%2C%2009001%20Burgos%2C%20BURGOS&#038;t=m&#038;z=10&#038;output=embed&#038;iwloc=near\"\n\t\t\t\t\ttitle=\"Etiquetas Majoma Calle L\u00f3pez Bravo N\u00ba 15, Nave B-8 Pol\u00edgono de Villalonqu\u00e9jar, 09001 Burgos, BURGOS\"\n\t\t\t\t\taria-label=\"Etiquetas Majoma Calle L\u00f3pez Bravo N\u00ba 15, Nave B-8 Pol\u00edgono de Villalonqu\u00e9jar, 09001 Burgos, BURGOS\"\n\t\t\t><\/iframe>\n\t\t<\/div>\n\t\t\t\t\t\t<\/div>\n\t\t\t\t<\/div>\n\t\t\t\t<\/div>\n\t\t<div class=\"elementor-element elementor-element-12813aa e-con-full e-flex e-con e-child\" data-id=\"12813aa\" data-element_type=\"container\" data-e-type=\"container\">\n\t\t\t\t<div class=\"elementor-element elementor-element-751494e elementor-widget elementor-widget-image\" data-id=\"751494e\" data-element_type=\"widget\" data-e-type=\"widget\" data-widget_type=\"image.default\">\n\t\t\t\t<div class=\"elementor-widget-container\">\n\t\t\t\t\t\t\t\t\t\t\t\t\t\t\t<img fetchpriority=\"high\" decoding=\"async\" width=\"800\" height=\"326\" src=\"https:\/\/etiquetasmajoma.com\/wp-content\/uploads\/2023\/10\/Etiquetas-Majoma-S-L-U-Foto.jpg\" class=\"attachment-large size-large wp-image-21\" alt=\"\" srcset=\"https:\/\/etiquetasmajoma.com\/wp-content\/uploads\/2023\/10\/Etiquetas-Majoma-S-L-U-Foto.jpg 800w, https:\/\/etiquetasmajoma.com\/wp-content\/uploads\/2023\/10\/Etiquetas-Majoma-S-L-U-Foto-300x122.jpg 300w, https:\/\/etiquetasmajoma.com\/wp-content\/uploads\/2023\/10\/Etiquetas-Majoma-S-L-U-Foto-768x313.jpg 768w\" sizes=\"(max-width: 800px) 100vw, 800px\" \/>\t\t\t\t\t\t\t\t\t\t\t\t\t\t\t<\/div>\n\t\t\t\t<\/div>\n\t\t\t\t<\/div>\n\t\t\t\t\t<\/div>\n\t\t\t\t<\/div>\n\t\t\t\t<\/div>\n\t\t","protected":false},"excerpt":{"rendered":"<p>Previous slide Next slide Etiquetas en Burgos Empresa de etiquetas En\u00a0Etiquetas Majoma S.L.U.\u00a0somos una empresa familiar con vocaci\u00f3n de\u00a0expansi\u00f3n y profesionalidad, que lleva desarrollando su actividad industrial y comercial, con la experiencia que dan m\u00e1s de 30 a\u00f1os en el sector de las artes gr\u00e1ficas. En nuestras instalaciones de Burgos, realizamos dise\u00f1os y\u00a0producci\u00f3n de etiquetas. [&hellip;]<\/p>\n","protected":false},"author":1,"featured_media":0,"parent":0,"menu_order":0,"comment_status":"closed","ping_status":"closed","template":"","meta":{"footnotes":""},"class_list":["post-7","page","type-page","status-publish","hentry"],"_links":{"self":[{"href":"https:\/\/etiquetasmajoma.com\/index.php?rest_route=\/wp\/v2\/pages\/7","targetHints":{"allow":["GET"]}}],"collection":[{"href":"https:\/\/etiquetasmajoma.com\/index.php?rest_route=\/wp\/v2\/pages"}],"about":[{"href":"https:\/\/etiquetasmajoma.com\/index.php?rest_route=\/wp\/v2\/types\/page"}],"author":[{"embeddable":true,"href":"https:\/\/etiquetasmajoma.com\/index.php?rest_route=\/wp\/v2\/users\/1"}],"replies":[{"embeddable":true,"href":"https:\/\/etiquetasmajoma.com\/index.php?rest_route=%2Fwp%2Fv2%2Fcomments&post=7"}],"version-history":[{"count":56,"href":"https:\/\/etiquetasmajoma.com\/index.php?rest_route=\/wp\/v2\/pages\/7\/revisions"}],"predecessor-version":[{"id":259,"href":"https:\/\/etiquetasmajoma.com\/index.php?rest_route=\/wp\/v2\/pages\/7\/revisions\/259"}],"wp:attachment":[{"href":"https:\/\/etiquetasmajoma.com\/index.php?rest_route=%2Fwp%2Fv2%2Fmedia&parent=7"}],"curies":[{"name":"wp","href":"https:\/\/api.w.org\/{rel}","templated":true}]}}